e k(-6). Let m(t) = -1. Let i(y) = y + 9. Let v(j) = i(j) - m(j). Determine v(r).
5
Let l be -1*(-6 + 3)*-1. Let a(q) = q**3 + q**2 + q - 1. Let p(t) = -4*t**3 - 5*t**2 - 5*t + 2. Let j(n) = l*a(n) - p(n). Suppose 4*c = c - 3. What is j(c)?
0
Let k(a) = 4*a**3 + 3*a**2 + 8*a - 10. Let m(t) = -5*t**3 - 2*t**2 - 9*t + 11. Let c(w) = -4*k(w) - 3*m(w). What is c(-5)?
7
Let d = -18 + 18. Let m be (0/1)/(-1 + 3). Let o(b) = -b + 1 + 2 - b**2 + m. Give o(d).
3
Let g be (8/(-20))/((-2)/10). Suppose 5*b = -d + g + 9, b - d = 1. Suppose 2*j - 3*i = -9, -i - i = -b*j - 8. Let l(z) = -2*z - 4. What is l(j)?
2
Let s(h) = h**3 + h**2 + 24. Let v = -44 - -44. Determine s(v).
24
Let m(t) = -4*t**3 + 2*t**2 + 12*t + 6. Let n(g) = 5*g**3 - g**2 - 13*g - 7. Let c(f) = -6*m(f) - 5*n(f). What is c(-6)?
5
Let m(t) = t - t**3 + 7*t**2 - 6*t**2 - t**3 + 0*t**2. Calculate m(-1).
2
Let i(d) = 7 - d - 2 + 2*d. Suppose -5*c - 7 + 2 = 3*a, -4*a + 2*c = -2. Calculate i(a).
5
Let b be ((-5)/(-2) - 2)*12. Let h = b + -4. Let u(x) = -2 - x**2 + 3 - 6*x + h*x. What is u(-5)?
-4
Let v(g) = -g**3 - 2*g**2 + 3*g - 1. Let b be -3 + 2 - -1*3. Let j = -1 + b. Suppose -5 = -t + 4*m, 3*t + 5*m + j = 6*t. Calculate v(t).
-1
Let q(j) = j**3 - 2*j**2. Let b be q(0). Suppose b = -2*o + 3*o - 4. Let w(v) = v**2 - 7*v - 4. Determine w(o).
-16
Let m(z) = -z + 8 + 1 + 1 - 7. Suppose 3*f = -0*f - 15. Give m(f).
8
Let p = -6 + 7. Let z = -7 + p. Let g(w) = -w**2 - 5*w + 3. Give g(z).
-3
Let g(w) be the second derivative of w**6/120 - w**5/30 + w**3/3 + w**2/2 - 2*w. Let n(v) be the first derivative of g(v). Calculate n(2).
2
Let v(p) = -25*p + 19. Let t(c) = 12*c - 9. Let z(a) = -13*t(a) - 6*v(a). What is z(3)?
-15
Suppose -4*u + 5*x = -16, -2*u - 22 = 5*x - 0. Let a(q) be the first derivative of -5*q**2 - q - 19. What is a(u)?
9
Suppose -3*p = -6*p - 18. Let b(a) = -a**2 - 4*a - 1. Let f(z) = -z**2 - 4*z - 2. Let o(u) = p*f(u) + 7*b(u). Let m = 3 + -8. Determine o(m).
0
Let k(v) = -v + 1. Let p(b) = -5 + 1 + 3. Let g(w) = -4*k(w) - 3*p(w). Calculate g(-1).
-5
Suppose 8 = -7*m + 12*m - 2*j, -5*m - j + 11 = 0. Let d(a) be the third derivative of -a**m + 1/6*a**3 + 0 - 1/6*a**4 + 1/60*a**5 + 0*a. What is d(3)?
-2
Suppose -4*m - 7 = -39. Suppose -25 + m = -2*x - 3*f, 4*x - f = -1. Let v(k) = k + 3. Let n(a) = 2. Let z(w) = -5*n(w) + 3*v(w). Calculate z(x).
2
Let x(w) = w**2 - w - 1. Let z be x(-1). Let r(j) = -j**2 + 2*j - 1. Calculate r(z).
0
Let f(g) be the first derivative of 4*g**3/3 + g - 1. What is f(-1)?
5
Let f(a) = -14 + a + a**2 - 10 - 13 + 39. Give f(-3).
8
Let f(h) = -3*h**2 - 32*h + 17. Let n(s) = s**2 + 11*s - 6. Let z(w) = -6*f(w) - 17*n(w). Give z(-5).
0
Suppose 5*i + 2*r + 0 = 1, i = 3*r + 7. Let k(n) = i + 0 + 0*n + 2 + 4*n. Give k(-2).
-5
Let s = 17 + -9. Suppose 3*h = -h + s. Let b(w) = -2*w**3 + 2*w**2 + 2*w. What is b(h)?
-4
Let v(b) = 4*b**2 + 10*b - 9. Let r(q) = 7*q - 4 - 7 + 2 + 4*q + 5*q**2. Let u(m) = 3*r(m) - 4*v(m). What is u(-7)?
9
Let u(l) = 4*l + 2. Let h be u(2). Let y = -13 + h. Let z(f) = 0*f + 1 + 0*f**2 - f**2 - 3*f. Give z(y).
1
Let v(o) = o**2 - 2*o. Suppose -2*z - 4*c = -12, 0 = 2*z + z + c - 13. Let l(b) = -b**2 + 5*b - 3. Let q be l(z). Let h be 8*(q + (-1)/2). Determine v(h).
8
Let z = -3 + 6. Let t(w) = 4*w + 1. Let h(v) = -9*v - 2. Suppose -36 = 4*r + 16. Let b(u) = r*t(u) - 6*h(u). Determine b(z).
5
Let s(n) = -n**2 - 8*n + 4. Let p be 1 + 0 + -1 - 8. Let d be s(p). Let g(a) = -a**3 + 4*a**2 - a + 1. Give g(d).
-3
Suppose 2*d + d - 4*u = -3, -3*d - 3 = -2*u. Let h(t) = t - 1. Give h(d).
-2
Let r(j) be the third derivative of -j**5/60 + j**4/8 + j**3 + j**2. Suppose 6 = 2*h + z, 3*h + 4 - 3 = -4*z. Determine r(h).
-4
Let i be 2/(-3) - (-14)/3. Suppose -i*k + 6 = -2*f, -9 = -3*k - 0. Let r(q) = 1 + 2 - 4 + 3*q - 1. Calculate r(f).
7
Let l(p) be the third derivative of -p**6/120 + p**5/10 - 5*p**4/24 - 5*p**3/6 - p**2. Let q = 277 - 272. Determine l(q).
-5
Let y(r) = 0*r**3 - 14*r + 2 + 13*r - r**3. Calculate y(0).
2
Let r(y) be the first derivative of -2*y**2 - 4 + 5*y + 1/3*y**3. Calculate r(4).
5
Suppose 2*w + 2 = -6, 5*w = -5*l. Let b(i) = 5*i**3 + 10*i**2 + 2*i - 5. Let v(n) = -4*n**3 - 9*n**2 - 2*n + 4. Let o(q) = -5*b(q) - 6*v(q). Calculate o(l).
9
Let d(z) be the second derivative of z**5/20 - z**4/6 - z**3/2 + 2*z**2 + 7*z. Let n(a) = 2*a**2 - 2*a - 1. Let m be n(2). What is d(m)?
4
Let u(n) = -n - 1. Let q be (-25)/15 + (-2)/(-3). Determine u(q).
0
Let r(t) = 2*t + 3*t + 1 + 2 - 4*t. Suppose 9 = -3*g + 4*g. Suppose -g = h - 4*h. Give r(h).
6
Let z = -12 + 11. Let m(y) = 6*y**2 + y + 1. Determine m(z).
6
Let v(a) = 0 + 1 - 2*a - 3*a**2 - a**2. Suppose 3 = 6*x - 3*x. Give v(x).
-5
Let k(v) = -v**3 + 3*v**2 - v - 1. Suppose -4*i - 4*g + 3*g = -11, i = 2*g + 5. Determine k(i).
-4
Let l(n) = 8*n**2 - 2*n + 1. Let d be l(1). Let o(b) = b**3 - 8*b**2 + 8*b - 4. Determine o(d).
3
Suppose 2*k + 44 = -2*d, 2*d = -d + 4*k - 52. Let m be ((-9)/15)/((-4)/d). Let z(t) = -t**3 - 4*t**2 - 3*t - 4. What is z(m)?
-4
Let d(h) = -h**2 - 9*h - 10. Let c be d(-7). Let w(v) = -c*v**2 - 1 - 3 + 4*v**2 - 4*v - v**2. Calculate w(-4).
-4
Suppose -3*q + 2*y = -6*q - 22, 2*q - 2*y + 8 = 0. Let o(t) = 2*t + 9. Calculate o(q).
-3
Let a(t) = -t**2 + 2*t + 1. Suppose -2*j + 6 = j. Let o be 6/j - 1/(-1). Give a(o).
-7
Let h(f) be the third derivative of f**6/120 + f**5/15 - f**4/24 - f**3/2 - 9*f**2. Give h(-3).
9
Let m(v) = 0*v**2 - 2*v - 2 + 3*v**2 - 3*v**2 + v**2. Let t(l) = l**2 + 2*l + 3. Let f = -8 + 6. Let p be t(f). Give m(p).
1
Let y(p) = -5*p - 1. Let c(a) = -11*a - 3. Let q(i) = 2*c(i) - 5*y(i). Determine q(2).
5
Let x be (-4)/(-8)*3*-2. Let p(w) = -7*w + 3. Calculate p(x).
24
Let z = -51 + 54. Let t(j) be the first derivative of -z + j - 3/2*j**2 - 1/3*j**3. Give t(-4).
-3
Let k(u) = 9*u**2 - 9*u. Let w(h) = 4*h**2 - 4*h. Let t(f) = -3*k(f) + 7*w(f). Suppose 5*c + 5*s = -5, 3*c - 8*c + 3*s - 5 = 0. Give t(c).
2
Let g(u) be the first derivative of -13*u**3/3 + u + 4. Calculate g(-1).
-12
Let j(r) = -6 + 42*r - 43*r + 0. Determine j(-3).
-3
Let g(t) = t**3 - 2. Let v(r) = r**2 + 7*r + 8. Let n be v(-6). Suppose 0 = m + 3 + n. Let x = m - -7. What is g(x)?
6
Let s = -1 + -2. Let n(r) = -182 - 5*r + 178 + 3*r. What is n(s)?
2
Let d = 7 - 18. Let n(a) = -5*a**2 - 25*a + 15. Let v(b) = b**2 + 5*b - 3. Let k(w) = d*v(w) - 2*n(w). Calculate k(-4).
7
Let q(j) = 4*j. Let k be q(-1). Let t(r) be the third derivative of 0*r - 2/3*r**3 - 1/12*r**4 + 0 + 5*r**2. Calculate t(k).
4
Let k(t) = -t - 2. Let x = 24 - 21. What is k(x)?
-5
Suppose -2 = 4*i - 3*i. Let d(s) = 3*s + 2. Determine d(i).
-4
Let m(b) be the third derivative of -b**6/120 + b**4/24 - b**3/3 + 4*b**2. Let z be m(0). Let p(h) = 2*h. Give p(z).
-4
Let t(i) be the first derivative of -7*i**3/3 + i**2/2 + 25. Determine t(-1).
-8
Suppose -c - 4 = -3*c. Let d(x) be the first derivative of -c + 2*x - 1/2*x**2. Determine d(-4).
6
Let i(l) be the third derivative of 3*l**2 + 0*l + 1/24*l**4 + 0 + 1/3*l**3. What is i(-2)?
0
Let l(t) be the third derivative of -t**5/10 - t**2. Let x = -4 - -3. Let p be x*(-2 - (-5 + 2)). What is l(p)?
-6
Let z(c) = 8*c**3 + 2*c**2 + c. Let d be z(-1). Let i(k) = -k**2 - 8*k - 4. Let n be i(d). Let r(y) = y + 1. Determine r(n).
4
Let l(q) be the first derivative of q**4/4 - q**3 + q**2/2 + q - 343. Suppose -5*t - 5 = -y, t + 2*t = -3*y + 15. Let b be (1 - 4)*(-1 + t). Determine l(b).
4
Let m(c) = c**2 - 7*c + 1. Let n be (-2 + 4)*(-42)/(-12). Determine m(n).
1
Let z(i) = -i**2 - 12*i + 4. Let v(m) = -m + 6. Let k be v(18). What is z(k)?
4
Let y(g) = -1 - 1 + 7 - 5*g**2 + g. Let r(t) = -4*t**2 + 5. Let m(a) = a**3 - 8*a**2 - 7*a - 12. Let v be m(9). Let f(b) = v*r(b) - 5*y(b). Determine f(5).
5
Let n be (-36)/(-21) - (-4)/14. Suppose k - n*q - 2 = -4, 5*q = k + 11. Let m(r) = 1 - 4*r - k*r**2 + r + 3*r + r**3. Calculate m(3).
-8
Let f(q) = 3*q + 2. Suppose -2*z + 17 = -5. Suppose 3*i = -5*n - 11 - z, -18 = 3*n + 3*i. Calculate f(n).
-4
Let l = 3 - 1. Let a(v) = -v**3 + 4*v - 1 + 1 - 4*v**l - 7. Determine a(-5).
-2
Suppose -3*h + 14 + 25 = 0. Suppose 0 = 3*n + 1 - h. Suppose 3*d = 2*k - n - 9, -4*k + 17 = -3*d. Let s(f) = f**3 + 2*f**2 - 5*f - 3. Calculate s(d).
3
Let x = 8 - 4. Let m(r) =